+ 5*r(u). Calculate p(q).
7
Let w(t) = -t**2 + 5*t - 8. Let d be -3*(-2)/(-6) - -5. Let z be w(d). Let r(f) be the first derivative of f**2 + 6*f + 19. Calculate r(z).
-2
Suppose 14*m = 15*m - 4*l + 21, 23 = -3*m + 4*l. Let g be m*(24/(-4) + 2). Let k(f) be the third derivative of f**4/8 - 2*f**3/3 + f**2. What is k(g)?
8
Let o(l) = 22 + 5*l**3 - 4*l**3 + 10*l + 0*l**2 - 13 - 9*l**2 - 28. What is o(8)?
-3
Let f(o) be the second derivative of -o**4/12 - 19*o**3/6 - 17*o**2/2 - o + 11409. Let t = -30 - -12. Calculate f(t).
1
Let x(w) = w**2 - 2*w**3 + 17843*w - 8911*w + 1 - 8929*w. Calculate x(-2).
15
Suppose 3*o + 3*r = 3 + 3, 0 = -2*o + 4*r + 16. Let d(u) = 12*u - o*u - 7*u + u. What is d(-2)?
-4
Let p(f) = f - 21. Let t(d) = 3*d - 57. Let r(m) = 8*p(m) - 3*t(m). Suppose -3*i = -4*g + 15, -5*g + 27 = -g + i. Give r(g).
-3
Let s(u) be the second derivative of 1/12*u**4 + 3/2*u**3 + 2*u - 3*u**2 - 28. Give s(-10).
4
Let m(l) be the second derivative of -4*l**3/3 - 34*l**2 - 8*l + 310. Give m(-8).
-4
Let t(i) be the first derivative of i**4/4 + 7*i**3/3 - i**2/2 - 7*i + 1113. Determine t(-6).
35
Suppose 4*x - 11 = w, 7 - 23 = -5*x + 2*w. Let m(t) be the first derivative of 0*t - 1/3*t**3 - 42 + 4*t**x. Give m(6).
12
Let n(g) = -15*g + 7. Let k = 5353 + -5356. What is n(k)?
52
Let l(m) = m**3 + m**2 + 2*m + 4. Let j = 849 - 851. Give l(j).
-4
Let x(i) = -13*i - 11. Let g(b) = 4*b**2 + 35*b + 71. Let c be g(-3). Calculate x(c).
-37
Suppose 3*w = 3, 4*t - w - 10 = -3*w. Let x(m) = -10 - m**3 - 4*m + 6*m - 8*m**t + 19. Let r(b) = -2*b**2. Let g be r(2). Give x(g).
-7
Let t(i) = 77 - 100 + 22*i - 21*i. What is t(21)?
-2
Let f(p) be the second derivative of p**4/2 - p**3/6 + p**2 - 4*p - 15. Give f(2).
24
Let b(r) = -6*r - 2*r + r + r - 5. Let s(g) = -2*g - 1. Let o(h) = b(h) - 6*s(h). Let p(j) = 2*j**2 + 2*j - 2. Let k be p(-2). What is o(k)?
13
Let z(a) be the second derivative of a**4/12 + 13*a**3/6 + 7*a**2/2 + a. Let u be -11 + 4 + 5*8/40. Determine z(u).
-35
Let o(f) = 2*f**2 - f - 3. Let u(s) be the second derivative of s**3/6 + s**2 - 172*s. Let b(y) = -2*o(y) - 2*u(y). What is b(3)?
-34
Let i(u) = u - 359 - 353 + 706 + u. Let t be (24/(-9))/(-4)*6. Let h = t - 0. Give i(h).
2
Let i(s) = -6*s**2 - 19*s - 8. Let r be i(-6). Let l be (-4)/22 - 680/r. Let f(g) = -7*g + 3 - 5 + 5*g**2 - 4*g**2 + l. Calculate f(7).
4
Let v(i) be the first derivative of -i**3/3 + 11*i**2/2 - 29*i - 1413. Calculate v(7).
-1
Let r(o) = o**3 + 5*o**2 - 18*o - 7. Let v(w) = -17*w - 422. Let i be v(-25). Give r(i).
11
Let w(i) = 10*i + 102. Suppose -4*q - 4*q + 22709 = 22797. Calculate w(q).
-8
Let t(j) = 65*j**2 + 3 - 124*j**2 + 60*j**2 + 11*j. What is t(-8)?
-21
Let o(f) = 6*f**2 - 122*f + 27. Let m be o(20). Let c(i) = i**2 + 13*i - 3. Let y be c(m). Let x(t) = -2*t**2 - 4*t - 4. What is x(y)?
-10
Let w(j) = 2*j**3 - 16*j**2 + 16*j + 71. Let x(n) = -9*n**3 + 64*n**2 - 68*n - 285. Let g(v) = -13*w(v) - 3*x(v). Determine g(-16).
-4
Let f(s) = 5*s**3 - 1286 - 50*s + 1283 - 4*s**3. Calculate f(-7).
4
Suppose 3*z - 33 = 4*u - 7*u, 2*u - 27 = -3*z. Let p(l) = 1 - 8*l**2 + 1 + 7*l**2 + 3 + u*l. Let o(j) = j**3 - 6*j**2 + 2*j - 5. Let x be o(6). Determine p(x).
-2
Let r(l) = -2*l**3 - 4*l**2 + 54*l + 34. Let k be r(-6). Let f(w) = -2*w**2 - 3*w + 2. Let z(o) = -o**2 - o + 1. Let p(n) = 2*f(n) - 6*z(n). Give p(k).
6
Let k(t) be the second derivative of 0 - 1/12*t**4 + 1/2*t**2 - 29*t + 0*t**3 - 1/4*t**5. Calculate k(-1).
5
Let z(v) = -7*v + 2. Let t(q) = 6*q - 8. Let w(j) = j + 1. Let u(i) = -t(i) - 5*w(i). Let p(d) = 5*u(d) - 8*z(d). Let m be (-19)/4 + (-2)/8. Determine p(m).
-6
Let p(t) = -7 + 10 + t + 0. Let a(z) = -3*z + 68. Let f be a(24). What is p(f)?
-1
Suppose 0 = -2*u + 2*d + 30, -33 = -u + 4*d - 9. Suppose -u*i = 2*i. Let s(f) = 10 + 1 + 0*f + f. Determine s(i).
11
Suppose 880 = 96*x - 76*x. Let q(d) = -7*d**2 + 8*d**2 - 5 + x - 2*d**2. What is q(0)?
39
Let l(j) = 18*j - 8*j - 2 + 14*j - 25*j. Calculate l(-1).
-1
Let n(s) = 471 - 8*s - 286 - 256. Determine n(-8).
-7
Let h(s) = -3645*s + 3648*s + 7*s**2 + 0 + 2*s**2 - 4 + s**3. What is h(-8)?
36
Let g be (0/(31/(-8) - (-16)/(-128)))/(-2). Let t(m) = -m**3 - m**2 - m - 7. Determine t(g).
-7
Let j = 43681 + -43684. Let h(y) = 6*y**2 - 9*y - 23. Calculate h(j).
58
Let n(q) = q**3 + 2*q + 5. Let l(r) = -2*r**3 + r**2 - 2*r - 6. Suppose 4 = -14*x + 12*x. Let m(z) = x*l(z) - 3*n(z). Calculate m(3).
0
Let q = -12 + 1. Let g = 4 + q. Let y(w) = w - 50 + 0*w + w + 37 + 22. Give y(g).
-5
Suppose 3*y = -3*b - 2*y + 533, 5*b + 5*y - 875 = 0. Let l = b + -165. Let a(r) = r**2 - 5*r - 3. Give a(l).
3
Let d(z) = z**3 - 4*z - 7. Suppose -75*w + 92*w + 51 = 0. Calculate d(w).
-22
Let p(h) be the first derivative of h**3/3 + 2*h**2 - 4*h + 947. What is p(-4)?
-4
Let m(b) = 5*b + 13 + 0*b + 15 - 6*b. Suppose -2*l = -16 - 22. Let d be m(l). Let u(z) = -z**2 + 10*z - 9. What is u(d)?
0
Let r(j) = -6 + 5*j**2 + 25*j - 5 - 2 - 12*j. Let s(y) = -2*y**2 - 7*y + 7. Let w(q) = 6*r(q) + 11*s(q). Calculate w(1).
8
Let m = -81 - -30. Let g = m + 16. Let t = g - -42. Let q(i) = i**3 - 8*i**2 + 8*i - 9. Calculate q(t).
-2
Suppose -54 = 5*i - 3*g, 3*i + 44*g + 12 = 39*g. Let b(a) = a**3 + 10*a**2 + 2*a - 33. Calculate b(i).
30
Suppose 2*t = -4*v - 6, -3*v - 22 = 2*t + 2*t. Let u(c) be the third derivative of 1/60*c**5 + 0 + 5/3*c**3 + 0*c + 1/3*c**4 - 3*c**2. What is u(t)?
3
Let j(c) = -2*c + 8. Suppose -3*t - 12 = -f + 30, 42 = -2*t + 3*f. Determine j(t).
32
Let f = 1787/6 - 893/3. Let l(s) be the second derivative of 0 - 27*s + 6*s**2 + f*s**3. Give l(-6).
6
Let l(a) = -16*a**2 + 7. Let g(q) = -17*q**2 + 8. Let c = 77 + -71. Let f(t) = c*g(t) - 7*l(t). What is f(1)?
9
Suppose -12*t = -27*t + 30. Suppose 0 = t*s - 8 + 18. Let g(b) be the third derivative of -b**6/120 - b**5/12 - b**4/6 - b**3/3 + 6*b**2. What is g(s)?
18
Suppose 90 - 63 = 9*b. Let w be (-5)/2*(-40)/50. Let q(j) = -j**b + 106*j**w - 55*j**2 + 4 - 56*j**2 + 8*j. Determine q(-6).
-8
Let g(h) be the first derivative of h**6/360 + 3*h**5/40 - 5*h**4/24 - 56*h**3/3 - 94. Let v(a) be the third derivative of g(a). What is v(-8)?
-13
Let a(p) be the first derivative of -p**4/4 + p**2 + 3*p + 21. Suppose z + 3*v + 8 = 0, 0*z - 6 = -2*z + 5*v. Give a(z).
7
Let t(o) = -13*o + 11. Let j(q) = 25*q - 21. Let v(w) = -4*j(w) - 9*t(w). Let c(h) = 12*h - 10. Let b(i) = 7*c(i) - 5*v(i). Determine b(-7).
12
Let l be (-2)/4 + 2202/12 - -2. Let r = l - 190. Let v(p) = -2*p - 3. Give v(r).
7
Suppose 2*o - 12 = -600*p + 601*p, 3*o + p = 28. Let n(t) = t**3 - 5*t**2 - 15*t + 4. What is n(o)?
76
Suppose -3*h + 14 = -4*i, -2*i - 10 = 3*i. Let t be ((-40)/16)/(1*h/(-4)). Suppose t*v + 10 = -3*g + 8*g, v = -g. Let w(z) = 13*z. Calculate w(g).
13
Let r(a) = -a**3 + 22*a**2 - 4*a + 90. Let o = 12200 + -12178. Give r(o).
2
Let b be -5 + (-104)/(-20) + 11/(-5). Let p be -2 + 25/15 + b/3. Let x be (-10)/10*(4 + p). Let a(n) = -2*n**2 - 3*n - 2. Give a(x).
-11
Suppose 3*z = 2*g - 8, z + 7 + 5 = -4*g. Let o(v) = -47 - 4*v + 45 - 3. What is o(z)?
11
Suppose o + 423 - 71 = 3*t, -996 = 3*o + 3*t. Let i = -322 - o. Let j(c) = -c**2 + 15*c + 11. Calculate j(i).
11
Let y = -6763 + 81163/12. Let d(v) be the second derivative of 25*v + 1/20*v**5 + 7/6*v**3 + 0 - v**2 - y*v**4. What is d(5)?
-17
Let p = -279 - -284. Let a(c) = -13*c + 9*c + 6*c**2 + 4*c**3 - 8 - p*c**3 + c**2. Determine a(6).
4
Let y = -72 + 74. Let k(o) = -17*o + 2*o**y - 29 + 35 + 2*o**2. Let q be k(4). Let h(z) = 4*z**2 - 2*z - 1. Determine h(q).
11
Suppose 2*c - 23 = -2*c - d, 3*c - 14 = -4*d. Let u(v) = 4434726*v**3 + v - 2217363*v**3 - 1 - 2217364*v**3 + 6*v**2. Determine u(c).
5
Let n(r) = -75*r - 17*r**2 - 51 + 57*r**2 - 11*r**2 - 16*r**2 - 17*r**2. Give n(-18).
3
Let w(j) = -5*j. Suppose 17348*m - 17362*m = -98. Give w(m).
-35
Let y(d) = -d**2 + 13*d - 36. Let m = -8166 - -8174. Calculate y(m).
4
Let x(v) = -6344 + 0*v - 21*v - 7*v + 6455. Give x(4).
-1
Suppose 4 = g - 3. Let x(n) = 157 - 2*n - 157 + 5*n**2 - 4*n**2. Let d(q) = 2*q**2 - 4*q. Let t(s) = g*x(s) - 3*d(s). Calculate t(2).
0
Let g(q) = 13 - 53 + 4*q - 67 + 62 - 52. Calculate g(23).
-5
Suppose 5*p - 1169 = -394. Let i = 160 - p. Let g(a) = 0*a - 2*a**2 + a + a**2 + 5. What is g(i)?
-15
